ne k(j).
-1
Let t(y) = y. Let a be (4 - -1)*6/10. Suppose 5*m - 22 - a = 0. Let b = 5 - m. What is t(b)?
0
Let s(h) = -h**2 - 7*h - 5. Suppose 0 = -2*l - 3*m - 20, 3*m = -5*l - 19 - 13. Calculate s(l).
7
Let z(c) = -2*c + 0*c**3 - 3*c**2 + 2*c**3 - c**3 + 3. Suppose 20 = 6*b + 2. Calculate z(b).
-3
Let c(v) = v**2 + 7*v + 7. Suppose -o = 2*o + 15. Let l be (-6)/1 - (o - -4). Give c(l).
-3
Let m(n) = -n + 6. Let i be m(4). Let c be 0 + 1 + (i - 1). Let o(t) be the third derivative of -t**4/12 - t**3/3 + t**2. Give o(c).
-6
Let p(n) = -n - 6. Let k be (-14 + 15)*7/(-1). Let i = -7 - k. Give p(i).
-6
Let c(u) = 5*u + 6*u - 13*u + 3*u + 2. What is c(5)?
7
Let z(u) be the second derivative of -2*u - 1/3*u**4 + 0 + 0*u**3 + 1/720*u**6 + 1/60*u**5 + 0*u**2. Let h(p) be the third derivative of z(p). Determine h(4).
6
Let i(h) = -h + 1. Let o(j) be the second derivative of -j**4/12 + 11*j**3/6 - 15*j**2/2 - 2*j. Let v be o(10). Calculate i(v).
6
Suppose -4*i + 4 = 76. Let j = i + 12. Let g(n) = n**2 + 6*n + 1. Give g(j).
1
Let g(x) = -32*x**2 - 7*x + 3*x**3 - 2*x**3 + 36*x**2 - 5. Suppose 2*a - 5 = -15. Determine g(a).
5
Let z be (35/(-20))/(4/16). Let n(r) = -r**2 - 6*r + 1. Give n(z).
-6
Let w(x) = -9*x + 27*x**2 + 3 - 28*x**2 + 3*x - 10. What is w(-5)?
-2
Let a(v) be the third derivative of -v**6/24 + v**5/30 + v**4/24 - 3*v**2. Suppose -2 = 4*k + 2. What is a(k)?
6
Let h = 17 + -15. Let y(a) = -a - a**2 - 4*a**2 + 2*a**h + 2*a**2 - a**3. Calculate y(-1).
1
Let j(p) = 4*p**2 + 7*p - 3. Let t(w) = 3*w**2 + 6*w - 3. Let x(z) = -2*j(z) + 3*t(z). Determine x(2).
9
Let i(r) = -r**2 - 3*r - 2. Suppose 0 = 2*w + 2*o - 48, -6*w + 2*w + 3*o = -103. Suppose -4*t - t = -u + w, -4*u = 3*t - 8. Give i(t).
-6
Let r(z) = -z + 2. Let t be (3 - 2) + 0 + 2. Suppose -9 = -0*k + t*k. Calculate r(k).
5
Let n(l) = 10*l**2 - 7*l - 1 + 4*l**2 - 13*l**2 - 3. Calculate n(7).
-4
Let j(q) = -q + 8. Suppose 3*a = 7*a - 4*t - 28, 4*a = 3*t + 31. Suppose 0*l + 5*l - 2*w + a = 0, w - 5 = -5*l. Give j(l).
8
Let r = 0 - 1. Let n(c) be the third derivative of 4*c**2 + 0*c - 5/24*c**4 + 0*c**3 + 0. Give n(r).
5
Let b(p) = -3*p + 6. Let t(g) = 4*g - 5. Let d(v) = 3*b(v) + 4*t(v). What is d(2)?
12
Let k = -2 - 2. Let j(s) = 3*s**3 + s + 4. Let o(w) be the first derivative of -w**4/2 + w**3/3 - w**2/2 - 4*w - 2. Let r(u) = k*o(u) - 3*j(u). Calculate r(-3).
-8
Let s(j) = j**2 - 11*j + 4. Let c(n) = -n**2 + 8*n - 9. Let k be c(4). Give s(k).
-24
Let s be ((-6)/12)/(3/6). Let x(u) = 10*u**2 - 2*u - 1. Give x(s).
11
Let i(f) be the third derivative of -5*f**4/24 + f**3/6 - 36*f**2. Calculate i(-4).
21
Let g(w) be the first derivative of -w**2/2 + 7*w + 2. What is g(5)?
2
Let q(o) = o. Let f(s) = 3*s - 1. Let n(b) = 3*f(b) - 8*q(b). Let r(k) = -k + 6. Let c be r(6). Suppose 0 = 2*m + 3*z + 7 + 8, c = 3*m + 4*z + 21. What is n(m)?
-6
Let v(o) = 1 + 0 + o - 4. Let s be (-1)/2*-10 - (3 - 1). What is v(s)?
0
Let b(x) be the second derivative of x**6/360 - x**5/15 + 7*x**4/24 - x**3/3 - 3*x. Let k(p) be the second derivative of b(p). Determine k(5).
-8
Let x(d) be the first derivative of d**5/20 + 2*d**3/3 - 3*d**2/2 - 4*d - 5. Let t(o) be the first derivative of x(o). Give t(2).
13
Let u(f) = -5*f**2 - 6*f - 2. Let o = -3 - -4. Let z(b) = -b**2 - b. Let h(i) = o*u(i) - 4*z(i). Let p be (0 + (-6)/8)*4. Calculate h(p).
-5
Let g(q) = q + 4. Let z(w) = -5*w**3 - 2*w + 1. Let t be z(1). What is g(t)?
-2
Let m(l) = 4*l**2 - 2*l - 2. Suppose -v + 4 = -2*u - 3*v, -2*u = 4*v + 12. What is m(u)?
10
Let s = -11 - -15. Suppose -s = -k - k. Let y(f) = 7*f + f**3 - 5 + k - 6*f**2 - 2. What is y(5)?
5
Let m(f) be the second derivative of 1/2*f**2 + 0 + 0*f**3 - 1/10*f**5 + 1/6*f**4 + 8*f. What is m(2)?
-7
Let q be 3 - 2/(-4)*-6. Let v(m) = q*m - 28 + m + 20. Calculate v(6).
-2
Let b(h) = -h**3 - 3*h**2 + 5*h - 1. Let p(k) = k**2 + 8*k + 3. Let d(i) = -i. Let g be d(5). Let w be p(g). Let t be 60/(-14) - w/42. Determine b(t).
-5
Let n(p) = -p**2 + 3*p + 2. Let z be n(3). Let d(m) = -3*m - m**2 - 5 + 3 + 0*m**z. Determine d(-5).
-12
Let w(j) = j**3 - 3*j**2 - j + 2. Let n be w(4). Suppose n - 9 = z. Let i(o) = o**3 - 6*o**2 + 5*o + 1. Calculate i(z).
1
Let i(p) be the second derivative of p**4/3 + 7*p. Give i(-1).
4
Suppose 4*m - 5*z = -9, -2*m + 3 = -z - 0*z. Let g(h) = -1 - 4 + m - h - h. Calculate g(2).
-5
Let h(d) = -d**3 - 10*d**2 - d - 4. Let g(z) = -3*z**3 - 29*z**2 - 3*z - 11. Suppose -2*o = -4*o - 34. Let l(j) = o*h(j) + 6*g(j). What is l(-2)?
-4
Let n(p) = 3*p - 4. Let t(j) be the second derivative of -j**3/6 + 4*j. Let r(x) = n(x) + 4*t(x). What is r(-3)?
-1
Let r(m) = -m. Let l be (5 - 1)*25/20. Suppose 0*y + 5 = l*y. Determine r(y).
-1
Let o(j) = j**3 + j**2 - 4*j + 1. Let b(i) = -i**2 - i + 6. Let l be b(0). Let v = 3 - l. Determine o(v).
-5
Let c = 6 + -4. Let o(s) = -4*s - 5*s + 0 + 2 + 5*s. Calculate o(c).
-6
Let u(t) = -t + 5. Let x be u(5). Let s(c) = 5 + 13*c + 1 - 6*c - 8*c + c**2. Give s(x).
6
Let h(r) = r**2 - 6*r + 4. Let v(i) = 3*i**3 + 2*i**2 - 2*i + 1. Let j be v(1). Suppose j*t - 4 = 3*t. Determine h(t).
-4
Let r(f) = f - 1. Suppose 2*g = 7*g - 30. Let i(h) = -2*h - 2 + 4*h - 9*h. Let l(m) = g*r(m) + i(m). What is l(-5)?
-3
Let t(k) = -2*k - 2. Suppose -4 = -0*a - 2*a. Let g(c) = -c - 2. Let b be g(a). Determine t(b).
6
Let p(j) be the third derivative of -j**6/12 - j**4/12 + j**3/6 - 29*j**2. Calculate p(1).
-11
Let c(y) = 430*y - 424*y - 7*y**2 + 2*y**3 + 2*y**3 - 3*y**3 - 6. Give c(6).
-6
Let q(z) = 8*z - 5. Let f(c) = -3*c + 2. Let m(v) = -11*f(v) - 4*q(v). Let r(d) = -7*d + 2. Let a be r(-1). Suppose -30 = 3*w - a*w. Determine m(w).
3
Let x(o) = -2*o + 4. Let b be x(4). Let q(z) = -2*z + 4 + 4*z + 5*z + 5*z**2 + z**3. Give q(b).
-8
Let g(m) = m**3 - 5*m**2 + 4*m + 1. Let a be (-9 + 10)*(1 + 2). What is g(a)?
-5
Let v(p) = p**3 - 6*p**2 + p**2 - 55*p + 52*p + 3 - 2*p**3. Suppose 43 = -5*q - 2. Let h = q + 6. Calculate v(h).
-6
Let b(o) = -2*o - 3. Let f be b(-3). Suppose 0*y - 2*y + 8 = 0. Let v(u) = y*u - 2*u + 0 - 2. Calculate v(f).
4
Let i(u) = -u**3 + 5*u**2 + 6*u. Let s = -10 + 2. Let l = s - -14. Let h be i(l). Let r(w) = w**2 + w - 1. Give r(h).
-1
Let s be (-2)/6*3 + 4. Let r(f) = -f**3 + 3*f**2 + 3*f - 2. Determine r(s).
7
Let q(z) = -z + 205 - 205 + 7*z - z**2. Calculate q(4).
8
Let y(t) = t + 7. Let b be 208/(-32) + (-2)/(-4). Give y(b).
1
Let p(z) be the second derivative of z**5/20 - z**4/4 + z**3/3 + z**2/2 - z. Let b(k) = k**2 - 14*k + 27. Let c be b(12). What is p(c)?
7
Let j(u) = -u**2 + 0*u + 42 + 4*u - 45. Give j(3).
0
Let n(z) = 2*z - z**3 - 7*z**3 + 1 + 3*z**3 + z**3 + 2*z**2. Let t = 1 - 2. What is n(t)?
5
Let s(w) = w**2 + 3*w + 1. Suppose -3*g + 4 = 4*c - 18, 4*c - 12 = 2*g. Suppose 5*p = 0, -c*p + 15 + 1 = -4*f. Determine s(f).
5
Let x(s) be the first derivative of -s**3/3 - s**2 - s + 2. Give x(-2).
-1
Let w(l) = -l**2 - l - 1. Let a(x) = 5*x**2 + 5*x - 1. Let b(r) = a(r) + 4*w(r). Suppose 0 = -45*m + 11*m. Determine b(m).
-5
Let z be 3/6 + 11/(-2). Let l(q) = -4*q - 3. Give l(z).
17
Let q(d) = 3*d - 13. Let v be q(6). Suppose 2*r = -v*k + 13 - 42, -2 = r. Let h(u) = u**2 + 6*u + 6. Calculate h(k).
1
Let z(x) = -x + 6. Let r be (3*-1)/(9/(-6)). Suppose r*n = -n. Give z(n).
6
Let d(f) = 7 + 8*f**2 + 3 - 12*f**2 - 3*f + 3*f**2. What is d(-5)?
0
Let j(s) = -3*s**3 - 2*s**2 - 3*s + 3. Let h(t) = 4*t**3 + 3*t**2 + 4*t - 4. Let o = -3 + 5. Let g(b) = o*h(b) + 3*j(b). Give g(-2).
11
Suppose 3*d - 6*d + 81 = 0. Let b be (-3)/(-2) + d/(-6). Let o(n) = 1 + 0*n**2 + n**3 - 3*n - 2*n**2 + 4*n**2. Determine o(b).
1
Let j(r) = 3*r + 4*r - r. Let c = 2 - -4. Let o be -3 + 0 - (-24)/c. Give j(o).
6
Let t(i) = i**2 + 4*i + 1. Suppose v - 4*v + 15 = 0. Suppose -s + 12 = -v*s. Give t(s).
-2
Let q be (-6)/1 + 0 + 2. Let u(x) be the second derivative of 3/2*x**2 + x**3 - 4*x + 0 + 1/12*x**4. Calculate u(q).
-5
Let g(i) = 2*i + 3. Let v(u) = 7. Let q(c) = -1. Let p(s) = 6*q(s) + v(s). Let z(f) = -g(f) + 6*p(f). What is z(-4)?
11
Suppose 0 = 3*a - 2*a - 13. Suppose 5*g - 4*n = -a - 8, -3*g - 3*n - 18 = 0. Let w(v) = 4*v + 2. Let l(h) = -7*h - 3. Let f(p) = g*w(p) - 3*l(p). What is f(-1)?
-2
Let t(o) = -3*o**2 - 17*o - 9. Let l(d) = 2*d**2 + 9*d + 5. Let w(m) = 5*l(m) + 3*t(